144?
1143
In base 10, what is -2 - 1980?
-1982
In base 9, what is -5 + -28?
-34
In base 6, what is 230 - -11?
241
In base 12, what is 100 - 1?
bb
In base 11, what is 1117 + -9?
1109
In base 10, what is 2 - 4189?
-4187
In base 5, what is 411 - 4?
402
In base 16, what is -b - 209?
-214
In base 11, what is -1a + 10?
-a
In base 16, what is 4 - -5cc?
5d0
In base 5, what is -1013 + -11?
-1024
In base 16, what is -361 - -2?
-35f
In base 2, what is 1100 + 101101?
111001
In base 7, what is -5201 + -22?
-5223
In base 13, what is -124 - 2?
-126
In base 3, what is -1022001 + 12?
-1021212
In base 12, what is 0 - a7a?
-a7a
In base 11, what is -2 - -1a0?
199
In base 7, what is 350 - -13?
363
In base 15, what is 52 - 9?
48
In base 4, what is 20 + -110?
-30
In base 12, what is 2 - -258?
25a
In base 9, what is -12 + -2885?
-3007
In base 5, what is -1400 - -3?
-1342
In base 16, what is 3 + 192?
195
In base 12, what is -5 - -1a4?
19b
In base 6, what is -345 + 1?
-344
In base 12, what is -21 + 2?
-1b
In base 6, what is 0 + 134?
134
In base 10, what is 0 - 31?
-31
In base 8, what is -17 + -3?
-22
In base 6, what is -1 - -15?
14
In base 15, what is -148 - 5?
-14d
In base 14, what is -17d + b?
-172
In base 4, what is -2 + -1001?
-1003
In base 12, what is -14 - -9?
-7
In base 11, what is 100 - 3?
a8
In base 10, what is 1066 + -9?
1057
In base 5, what is -1 - -12?
11
In base 4, what is 1 - 32312?
-32311
In base 8, what is -2212 + 0?
-2212
In base 4, what is -11110 - 2?
-11112
In base 13, what is -132b + 4?
-1327
In base 7, what is -1 + -5?
-6
In base 13, what is b91 - -2?
b93
In base 5, what is -4 + 144?
140
In base 14, what is -447d - 4?
-4483
In base 13, what is 1378 - -3?
137b
In base 7, what is -4 - 403?
-410
In base 3, what is -101 + -102021?
-102122
In base 9, what is -32 + 121?
78
In base 12, what is a317 + 4?
a31b
In base 16, what is 2 + 41?
43
In base 3, what is 1020001 - -2?
1020010
In base 10, what is 5 - -1386?
1391
In base 4, what is -13 - 121?
-200
In base 4, what is 13 - -123?
202
In base 8, what is -40 + -256?
-316
In base 4, what is -12 - 3?
-21
In base 16, what is -de + -3?
-e1
In base 9, what is 8 + 173?
182
In base 9, what is 2 - 278?
-276
In base 9, what is 83 - 4?
78
In base 2, what is -100 + 100?
0
In base 2, what is 10110 + -1010011111?
-1010001001
In base 4, what is 12 - -13123?
13201
In base 7, what is 15525 + 3?
15531
In base 5, what is 221 - 400?
-124
In base 3, what is -100 + -122?
-222
In base 16, what is ff2 + 5?
ff7
In base 15, what is -2ca - -4?
-2c6
In base 7, what is -1 - -31?
30
In base 5, what is -12 - -20?
3
In base 16, what is -b1 - 7?
-b8
In base 9, what is -12 + -117?
-130
In base 14, what is 3b + cd?
12a
In base 7, what is 3 + 630?
633
In base 7, what is -10 - 555?
-565
In base 15, what is -1b + -80?
-9b
In base 8, what is -5 - -64?
57
In base 6, what is -15 + 10?
-5
In base 15, what is 1 - 0?
1
In base 16, what is -2 + -2f8?
-2fa
In base 11, what is -1 + -10?
-11
In base 3, what is 2112 - 101?
2011
In base 16, what is -3 + 15e4?
15e1
In base 4, what is 1001 - 20?
321
In base 12, what is -1a - -2?
-18
In base 16, what is -4 - 3d2?
-3d6
In base 13, what is -a - -6?
-4
In base 15, what is -4 + -8e9?
-8ed
In base 5, what is -10 - 43?
-103
In base 9, what is 53 + 7?
61
In base 13, what is -6 - cc?
-105
In base 15, what is -1e2 + 4?
-1dd
In base 4, what is 10 + 1231?
1301
In base 6, what is -23 + 34?
11
In base 4, what is -1030 + -1033?
-2123
In base 12, what is 40b - 1?
40a
In base 14, what is -b21 - 2?
-b23
In base 9, what is -15 - 555?
-571
In base 2, what is 11 - 1001101?
-1001010
In base 11, what is -3a - 82?
-111
In base 13, what is -9 - -16?
a
In base 12, what is -8 + 18?
10
In base 14, what is 16 - 57?
-41
In base 7, what is -1 - 44?
-45
In base 7, what is 5 + 10004?
10012
In base 13, what is -192 + -1?
-193
In base 3, what is 11010 + -10?
11000
In base 3, what is -20002 - 2?
-20011
In base 9, what is -3 + -75?
-78
In base 13, what is -27 + -21?
-48
In base 7, what is 61 + -165?
-104
In base 11, what is 27 + -34?
-8
In base 4, what is -1 + 31?
30
In base 7, what is -604 + -3?
-610
In base 5, what is 100 - 10?
40
In base 5, what is -21 + 10142?
10121
In base 10, what is -354 + 3?
-351
In base 6, what is -14 - -1004?
550
In base 7, what is 2 + -56?
-54
In base 14, what is -3d - -3?
-3a
In base 14, what is 6 - -245?
24b
In base 6, what is -2 - -202?
200
In base 2, what is -10000010 - -11?
-1111111
In base 8, what is 61 - -11?
72
In base 6, what is -54 - -12?
-42
In base 5, what is 10 - 443?
-433
In base 8, what is 561 + -1?
560
In base 11, what is 4a33 + 2?
4a35
In base 12, what is 2ab + 1?
2b0
In base 10, what is -14 - -24?
10
In base 11, what is -21 - 15?
-36
In base 3, what is -10 - -10001?
2221
In base 11, what is -27 - 111?
-138
In base 3, what is 100100110 + 12?
100100122
In base 11, what is -13a + -3?
-142
In base 6, what is -2 - -3142?
3140
In base 7, what is 20 - -20?
40
In base 6, what is 121112 - 2?
121110
In base 2, what is 1100110 - -11?
1101001
In base 12, what is 13 - -11?
24
In base 2, what is -111 + -1000110?
-1001101
In base 10, what is 5 + 5311?
5316
In base 3, what is -11 + -1?
-12
In base 3, what is 0 - 1221?
-1221
In base 10, what is -1114 + -4?
-1118
In base 4, what is -331131 + 11?
-331120
In base 16, what is 23 - 5?
1e
In base 9, what is 2 - -5410?
5412
In base 9, what is -425 + 4?
-421
In base 13, what is -2 + 3a?
38
In base 11, what is 35 - 4?
31
In base 9, what is 62 - -85?
157
In base 12, what is 8 + 5b9?
605
In base 7, what is 541 + 23?
564
In base 16, what is -3 + f7e?
f7b
In base 10, what is -3 - -18?
15
In base 11, what is 2aa2 + 4?
2aa6
In base 7, what is 2203 + -4?
2166
In base 11, what is -3 + 166?
163
In base 4, what is 0 - -2130?
2130
In base 7, what is 1 - -246?
250
In base 16, what is 2 - a7a?
-a78
In base 4, what is -121 - 132?
-313
In base 8, what is -33 + -5?
-40
In base 6, what is 121510 - 3?
121503
In base 13, what is 2 - 37?
-35
In base 15, what is -37 - -44?
c
In base 5, what is 1 + 431?
432
In base 12, what is -56 - a?
-64
In base 13, what is -5 - -1186?
1181
In base 6, what is -532 + -4?
-540
In base 5, what is -1013 - 14?
-1032
In base 2, what is -101 + 1010111?
1010010
In base 12, what is -a133 + 0?
-a133
In base 4, what is 0 + -10031?
-10031
In base 8, what is -6447 - 1?
-6450
In base 9, what is 1232 + 3?
1235
In base 5, what is -131 + -11?
-142
In base 7, what is -44 - 113?
-160
In base 7, what is 14 - -3354?
3401
In base 13, what is -c5 + 1?
-c4
In base 5, what is -43344 + -1?
-43400
In base 9, what is 106 - 1?
105
In base 15, what is 559 + 2?
55b
In base 11, what is -11 - 221?
-232
In base 7, what is 1 - -21332?
21333
In base 7, what is 111 + -3?
105
In base 7, what is -1 + 3452?
3451
In base 8, what is 240 + 2?
242
In base 13, what is 1 - -1221?
1222
In base 8, what is 15 - -3?
20
In base 7, what is -4 - -255?
251
In base 8, what is -5 + 45?
40
In base 14, what is -1 + 65?
64
In base 9, what is 4 - -57?
62
In base 13, what is -5 - 83?
-88
In base 9, what is 4 - -2800?
2804
In base 5, what is -20 + -11?
-31
In base 15, what is -1 + -21c?
-21d
In base 11, what is 3a8 - -1?
3a9
In base 12, what is 8 - -2?
a
In base 13, what is -16 - 3c?
-55
In base 13, what is 57 + cb?
155
In base 2, what is 11010 - -110111000?
111010010
In base 13, what is 142 + -28?
117
In base 11, what is 49 + -53?
-5
In base 7, what is 45 - -2?
50
In base 14, what is -433b + -4?
-4341
In base 14, what is 1 + -44a?
-449
In base 12, what is -5b - 75?
-114
In base 16, what is bc9 - -2?
bcb
In base 9, what is -1 + -45?
-46
In base 8, what is 4 + 1666?
1672
In base 8, what is 1 - 1031?
-1030
In base 3, what is -210 - -22001?
21021
In base 15, what is e5e - -2?
e61
In base 14, what is -9b - 4?
-a1
In base 16, what is 0 + 347?
347
In base 12, what is 8 - -4?
10
In base 4, what is 1 - -110123?
110130
In base 12, what is -7158 - -3?
-7155
In base 15, what is -3 + a3?
a0
In base 7, what is 0 + -2116?
-2116
In base 8, what is -27 - 5?
-34
In base 11, what is -18a - -3?
-187
In base 11, what is a + -13?
-4
In base 10, what is 6 - 7?
-1
In base 2, what is 11110111011 + 10?
11110111101
In base 16, what is -3091 + 2?
-308f
In base 14, what is -b - 118?
-125
In base 2, what is 1 + -1100011111110?
-1100011111101
In b